 of 720454 and 1008.
14
Calculate the highest common divisor of 60458 and 539904.
1406
What is the greatest common divisor of 1869 and 60878314?
623
What is the highest common divisor of 31428 and 49932?
36
Calculate the highest common factor of 107410978 and 6.
2
Calculate the highest common divisor of 1568866 and 2324.
166
Calculate the greatest common divisor of 546 and 447447.
273
Calculate the highest common factor of 36 and 86868392.
4
What is the highest common divisor of 61638 and 106374?
6
What is the greatest common factor of 94 and 49773?
47
What is the highest common factor of 5228557 and 750423?
6101
Calculate the greatest common factor of 38998622 and 78.
26
What is the highest common factor of 9 and 98329617?
9
What is the highest common divisor of 119214 and 6208794?
3222
Calculate the greatest common factor of 19768 and 19539256.
2824
What is the highest common factor of 3766 and 12448782?
538
Calculate the highest common factor of 31900 and 75284.
1276
What is the greatest common divisor of 14569659 and 18252?
4563
What is the highest common factor of 4743 and 12523473?
279
What is the greatest common factor of 549898 and 1064?
38
What is the greatest common factor of 15096 and 35761536?
888
What is the highest common factor of 616130 and 340?
10
What is the highest common factor of 918527340 and 68?
68
Calculate the highest common factor of 17352 and 1111608.
72
What is the greatest common factor of 3751020 and 121212?
3276
Calculate the highest common factor of 148 and 4435449.
37
What is the highest common divisor of 169377252 and 9420?
1884
Calculate the highest common divisor of 1872 and 455892528.
624
What is the greatest common divisor of 44470 and 668140?
10
What is the greatest common divisor of 16200 and 2249425?
25
Calculate the highest common divisor of 18234540 and 295.
295
What is the highest common divisor of 667184 and 4396?
28
Calculate the highest common divisor of 83100249 and 243.
81
Calculate the greatest common factor of 29484252 and 4830.
966
What is the greatest common divisor of 988136602 and 1228?
614
What is the highest common divisor of 3043008 and 108?
108
What is the highest common factor of 33840 and 600480?
720
What is the greatest common factor of 4823496 and 2877?
411
Calculate the highest common divisor of 514 and 16428982.
514
Calculate the highest common factor of 123043909 and 2482.
1241
What is the greatest common factor of 41365 and 2705?
5
What is the greatest common factor of 37660 and 12292?
28
Calculate the greatest common factor of 591258 and 16.
2
What is the greatest common factor of 132 and 19241156?
44
Calculate the greatest common factor of 18105 and 7916145.
1065
What is the highest common divisor of 741945 and 915?
15
What is the greatest common factor of 11791546 and 18232?
4558
What is the highest common factor of 36 and 89442996?
12
Calculate the greatest common factor of 12750 and 10145175.
1275
What is the highest common divisor of 24844293 and 5049?
459
What is the highest common divisor of 4374 and 194268294?
1458
What is the greatest common divisor of 15392194 and 2494?
86
Calculate the highest common divisor of 6667778 and 1079702.
8242
Calculate the greatest common divisor of 1542203 and 45396.
1261
Calculate the greatest common factor of 132 and 75079158.
66
What is the greatest common factor of 702238 and 11818?
622
What is the greatest common divisor of 14 and 56291026?
2
What is the highest common divisor of 37616896 and 16?
16
What is the highest common factor of 30371 and 148341?
251
Calculate the highest common factor of 1352789 and 998.
499
What is the highest common divisor of 1187788 and 35?
7
What is the greatest common divisor of 11281 and 31552?
29
Calculate the greatest common factor of 1034 and 286136.
94
Calculate the highest common divisor of 10913494 and 658.
94
Calculate the greatest common divisor of 57630752 and 160.
32
Calculate the highest common factor of 21424 and 2234791.
1339
What is the greatest common divisor of 825 and 249528015?
165
What is the greatest common factor of 170980 and 476752?
332
What is the greatest common divisor of 46513784 and 24?
8
Calculate the greatest common factor of 41959676 and 1060.
212
Calculate the highest common factor of 957 and 11446039.
319
What is the highest common divisor of 161451 and 57?
3
What is the highest common factor of 3568 and 90695884?
892
Calculate the greatest common factor of 8029166 and 2564.
1282
What is the highest common factor of 22922222 and 3842?
34
Calculate the highest common divisor of 320 and 1486340.
20
What is the greatest common divisor of 18739380 and 16?
4
Calculate the greatest common factor of 46800660 and 45.
15
Calculate the greatest common factor of 10 and 703796.
2
What is the highest common divisor of 2724 and 4097804?
908
What is the highest common divisor of 829512 and 52398?
738
Calculate the highest common divisor of 417 and 530026599.
417
Calculate the highest common factor of 2125932 and 984.
492
Calculate the highest common divisor of 811024 and 975104.
4688
What is the greatest common factor of 2355 and 789405?
15
Calculate the greatest common factor of 1235 and 413478.
247
Calculate the greatest common divisor of 29 and 340099.
1
What is the greatest common factor of 1012 and 63842273?
253
Calculate the greatest common divisor of 1633207 and 153.
17
Calculate the highest common divisor of 611336 and 194216.
88
What is the highest common factor of 1449584 and 1104?
16
Calculate the greatest common divisor of 9233836 and 948.
316
Calculate the greatest common divisor of 9740 and 61046424.
1948
Calculate the highest common factor of 62 and 1959973264.
62
Calculate the greatest common factor of 917398408 and 8.
8
What is the greatest common divisor of 168735 and 92715?
105
What is the highest common divisor of 234 and 343954?
26
Calculate the greatest common divisor of 56553860 and 2360.
1180
Calculate the highest common factor of 1892 and 12149779.
43
Calculate the greatest common factor of 120 and 7498536.
24
Calculate the greatest common divisor of 154575 and 711.
9
Calculate the highest common divisor of 72164908 and 556.
556
Calculate the greatest common factor of 28 and 4224332.
28
Calculate the greatest common divisor of 38868645 and 45.
15
Calculate the highest common factor of 196884 and 414.
18
What is the highest common divisor of 303257670 and 5?
5
Calculate the highest common factor of 64872 and 102694284.
1908
What is the greatest common factor of 1648792 and 78088?
344
What is the greatest common divisor of 1788 and 26916105?
447
Calculate the greatest common divisor of 1634113908 and 14.
14
Calculate the highest common factor of 15 and 190213165.
5
What is the highest common factor of 1344879 and 39330?
207
Calculate the greatest common factor of 1636 and 1282296800.
1636
Calculate the greatest common factor of 8880 and 89730.
30
What is the greatest common factor of 342 and 198103386?
114
What is the greatest common divisor of 3501 and 610262811?
3501
What is the highest common factor of 78768681 and 17352?
723
What is the greatest common divisor of 5068 and 153111?
7
Calculate the greatest common divisor of 5035 and 126670.
265
Calculate the greatest common divisor of 216611 and 40399727.
3551
What is the greatest common divisor of 1508 and 399446?
58
Calculate the greatest common factor of 58402 and 10.
2
What is the greatest common divisor of 953140146 and 21?
21
Calculate the highest common factor of 41977 and 60541.
13
Calculate the highest common factor of 6004308 and 564.
12
Calculate the highest common factor of 68640 and 528396.
132
What is the highest common divisor of 1050 and 29329860?
210
What is the highest common divisor of 3142375 and 35075?
575
What is the highest common factor of 440 and 24785068?
44
What is the greatest common factor of 91971 and 3168?
99
What is the greatest common divisor of 518655224 and 8?
8
What is the highest common divisor of 5168 and 15403376?
304
Calculate the greatest common divisor of 641610 and 15237.
9
What is the greatest common factor of 2507 and 7338173?
23
Calculate the highest common factor of 1855161 and 154.
77
Calculate the greatest common divisor of 3316192 and 1760.
352
What is th